260.
10
Calculate the highest common divisor of 1785 and 4898635.
595
What is the highest common factor of 22746335 and 565?
565
Calculate the highest common factor of 310 and 5060.
10
Calculate the highest common divisor of 247228 and 76.
76
Calculate the highest common divisor of 32094 and 486.
18
What is the highest common factor of 517 and 38681?
47
Calculate the highest common divisor of 649 and 4425.
59
Calculate the highest common divisor of 12498 and 138.
6
Calculate the greatest common factor of 4107 and 9.
3
Calculate the greatest common divisor of 32 and 227632.
16
What is the highest common divisor of 9834 and 270?
6
What is the highest common factor of 1916154 and 162?
18
Calculate the highest common factor of 4296 and 8328.
24
What is the greatest common factor of 6 and 320709?
3
Calculate the greatest common factor of 247 and 1261125.
19
What is the highest common factor of 101842 and 26?
26
Calculate the highest common factor of 3780 and 313920.
180
Calculate the greatest common factor of 21222 and 702.
54
Calculate the highest common divisor of 173633 and 5213.
401
What is the highest common divisor of 32 and 210928?
16
What is the greatest common factor of 114570 and 100890?
1710
What is the greatest common factor of 3588 and 55354?
26
Calculate the greatest common factor of 730 and 3110.
10
Calculate the highest common divisor of 11900 and 334050.
850
What is the greatest common factor of 154080 and 11520?
1440
Calculate the highest common factor of 76169 and 9971.
59
Calculate the greatest common divisor of 5499 and 65.
13
Calculate the highest common factor of 159665 and 30.
5
What is the highest common divisor of 65275 and 53025?
175
Calculate the highest common factor of 1256 and 3925.
157
Calculate the greatest common factor of 7994671 and 71.
71
What is the greatest common divisor of 9844 and 7704?
428
What is the greatest common factor of 85895 and 12915?
205
What is the highest common factor of 102 and 648958?
34
Calculate the greatest common divisor of 122626 and 266.
266
What is the highest common factor of 1403 and 25925?
61
Calculate the greatest common factor of 2392 and 3009734.
598
Calculate the greatest common factor of 201266 and 208.
26
Calculate the highest common factor of 119 and 63665.
119
Calculate the greatest common divisor of 13 and 95017.
13
Calculate the highest common divisor of 9785 and 97335.
515
Calculate the highest common divisor of 1081235 and 2140.
535
What is the highest common factor of 578 and 357782?
578
Calculate the highest common divisor of 122 and 20666.
2
Calculate the greatest common divisor of 32100 and 17548.
428
Calculate the greatest common factor of 866129 and 781.
781
Calculate the highest common factor of 1794931 and 186.
31
What is the greatest common factor of 185 and 1690?
5
Calculate the highest common divisor of 332844 and 48.
12
Calculate the greatest common divisor of 239810 and 50.
10
What is the highest common factor of 20124 and 71838?
234
Calculate the greatest common factor of 12635 and 70.
35
What is the highest common divisor of 192491 and 17?
17
Calculate the greatest common factor of 46 and 6647.
23
Calculate the highest common factor of 570756 and 24.
12
What is the highest common divisor of 4 and 1123268?
4
What is the highest common factor of 161825 and 25?
25
Calculate the highest common factor of 219410 and 370.
370
Calculate the highest common factor of 486 and 3528.
18
Calculate the highest common factor of 68 and 204068.
68
What is the greatest common factor of 11 and 4279?
11
Calculate the greatest common divisor of 20658 and 2904.
66
What is the highest common factor of 5928 and 45201?
741
Calculate the highest common divisor of 124533 and 8484.
303
Calculate the highest common factor of 81948 and 24.
12
Calculate the greatest common divisor of 106 and 115222.
106
Calculate the greatest common divisor of 25637 and 1024653.
827
Calculate the greatest common divisor of 81 and 39231.
27
Calculate the greatest common factor of 5211 and 477.
9
What is the highest common divisor of 9020 and 533?
41
What is the greatest common divisor of 21 and 340494?
21
What is the highest common factor of 4216 and 35464?
248
Calculate the greatest common divisor of 930 and 65286.
186
What is the highest common factor of 13892 and 16008?
92
What is the greatest common divisor of 132 and 120483?
33
What is the greatest common divisor of 1832 and 2275802?
458
What is the highest common factor of 293112 and 81?
27
Calculate the highest common divisor of 4509 and 75651.
501
Calculate the highest common divisor of 60 and 2650068.
12
Calculate the highest common factor of 1698 and 618921.
849
What is the highest common divisor of 190 and 19513?
19
What is the highest common divisor of 225 and 139275?
225
Calculate the greatest common divisor of 894 and 4768.
298
Calculate the highest common divisor of 31888 and 28.
4
Calculate the highest common factor of 62 and 2914.
62
Calculate the highest common factor of 14875 and 21029.
17
Calculate the highest common factor of 3 and 316086.
3
Calculate the greatest common divisor of 385585 and 1340.
335
Calculate the greatest common factor of 11814 and 378.
6
Calculate the greatest common divisor of 30144 and 448.
64
What is the highest common divisor of 8679 and 385?
11
Calculate the greatest common divisor of 1569 and 1630191.
1569
Calculate the greatest common divisor of 217 and 5797.
31
Calculate the highest common factor of 3112 and 233789.
389
Calculate the greatest common factor of 248 and 1384584.
248
Calculate the greatest common factor of 523 and 27.
1
What is the greatest common divisor of 4596 and 324?
12
What is the greatest common divisor of 107390 and 10?
10
Calculate the greatest common divisor of 121 and 31823.
121
What is the greatest common factor of 2821 and 45539?
403
What is the highest common divisor of 113118 and 5406?
102
Calculate the greatest common factor of 154150 and 175.
25
What is the greatest common factor of 63630 and 47369?
707
Calculate the greatest common factor of 137792 and 256.
64
What is the greatest common factor of 2204 and 1621042?
1102
What is the highest common divisor of 3602147 and 17?
17
Calculate the highest common divisor of 184 and 8264.
8
What is the greatest common divisor of 886110 and 90?
30
What is the greatest common divisor of 1199713 and 5599?
509
Calculate the greatest common factor of 22590 and 3.
3
What is the greatest common factor of 32759 and 376?
47
Calculate the greatest common factor of 182 and 1106.
14
Calculate the greatest common divisor of 1624 and 30513.
7
What is the highest common divisor of 4998 and 25676?
98
Calculate the greatest common factor of 146 and 1244942.
146
What is the highest common divisor of 361 and 6517?
19
What is the greatest common factor of 223938 and 4290?
858
What is the highest common divisor of 944 and 1376?
16
What is the highest common factor of 210 and 372085?
35
What is the greatest common factor of 220200 and 15?
15
Calculate the highest common divisor of 94839 and 3.
3
What is the highest common divisor of 47680 and 940?
20
What is the greatest common divisor of 48 and 113928?
24
Calculate the highest common divisor of 222 and 6142.
74
What is the greatest common divisor of 320 and 5584?
16
What is the highest common divisor of 1608 and 578076?
804
Calculate the greatest common divisor of 2 and 669360.
2
Calculate the greatest common factor of 3332 and 159460.
476
What is the highest common divisor of 3080085 and 15?
15
What is the greatest common factor of 65901 and 561?
33
Calculate the greatest common divisor of 6030 and 1213236.
1206
Calculate the highest common divisor of 76944 and 3024.
336
Calculate the highest common divisor of 1449 and 12213.
207
Calculate the highest common factor of 2340 and 28540.
20
What is the highest common factor of 1584 and 164802?
66
Calculate the highest common divisor of 1417400 and 40.
40
Calculate the highest common divisor of 40500 and 4455.
405
Calculate the highest common factor of 506572 and 5104.
1276
What is the highest common divisor of 321 and 19153?
107
Calculate the highest common factor of 11660 and 14740.
220
Calculate the highest common divisor of 3654 and 419706.
126
What 